{"id":181,"date":"2023-11-18T09:46:37","date_gmt":"2023-11-18T09:46:37","guid":{"rendered":"https:\/\/lahaltebleue-docilane.fr\/?page_id=181"},"modified":"2025-05-24T15:21:51","modified_gmt":"2025-05-24T15:21:51","slug":"nos-bons-cadeau","status":"publish","type":"page","link":"https:\/\/lahaltebleue-docilane.fr\/?page_id=181","title":{"rendered":"Cette ann\u00e9e, offrez un bon cadeau \u00e0 vos proches"},"content":{"rendered":"\n<h2 class=\"wp-block-heading\"><mark style=\"background-color:rgba(0, 0, 0, 0);color:#588157\" class=\"has-inline-color\">Une balade avec un \u00e2ne, un cadeau insolite et 100 % nature !<\/mark><\/h2>\n\n\n<p>Offrir un bon cadeau Docil&rsquo;\u00e2ne , c&rsquo;est :<\/p>\n<p>&#8211; une randonn\u00e9e d&rsquo;1\/2 journ\u00e9e, 1 journ\u00e9e ou plus en compagnie d&rsquo;un \u00e2ne,<\/p>\n<p>&#8211; une prestation d&rsquo;h\u00e9bergement et\/ou de restauration<\/p>\n<\/p>\n<p>Nous sommes \u00e0 votre \u00e9coute et pouvons adapter les formules \u00e0 vos besoins. Pour cela, n&rsquo;h\u00e9sitez pas \u00e0 nous contacter.<\/p>\n\n\n<div class=\"wp-block-buttons is-layout-flex wp-block-buttons-is-layout-flex\">\n<div class=\"wp-block-button\"><a class=\"wp-block-button__link wp-element-button\" href=\"mailto:giteane.olivier@gmail.com\">Nous contacter<\/a><\/div>\n<\/div>\n\n\n\n<div style=\"height:100px\" aria-hidden=\"true\" class=\"wp-block-spacer\"><\/div>\n\n\n\n<div class=\"wp-block-cover alignfull has-custom-content-position is-position-top-center wp-duotone-unset-1\" style=\"min-height:687px;aspect-ratio:unset;\"><img loading=\"lazy\" decoding=\"async\" width=\"2000\" height=\"1198\" class=\"wp-block-cover__image-background wp-image-175\" alt=\"\" src=\"https:\/\/lahaltebleue-docilane.fr\/wp-content\/uploads\/2023\/11\/cropped-divers-2009-2010-088.webp\" data-object-fit=\"cover\" srcset=\"https:\/\/lahaltebleue-docilane.fr\/wp-content\/uploads\/2023\/11\/cropped-divers-2009-2010-088.webp 2000w, https:\/\/lahaltebleue-docilane.fr\/wp-content\/uploads\/2023\/11\/cropped-divers-2009-2010-088-300x180.webp 300w, https:\/\/lahaltebleue-docilane.fr\/wp-content\/uploads\/2023\/11\/cropped-divers-2009-2010-088-1024x613.webp 1024w, https:\/\/lahaltebleue-docilane.fr\/wp-content\/uploads\/2023\/11\/cropped-divers-2009-2010-088-768x460.webp 768w, https:\/\/lahaltebleue-docilane.fr\/wp-content\/uploads\/2023\/11\/cropped-divers-2009-2010-088-1536x920.webp 1536w\" sizes=\"auto, (max-width: 2000px) 100vw, 2000px\" \/><span aria-hidden=\"true\" class=\"wp-block-cover__background has-background-dim\"><\/span><div class=\"wp-block-cover__inner-container is-layout-constrained wp-block-cover-is-layout-constrained\">\n<p class=\"has-text-align-center has-large-font-size\"><\/p>\n<\/div><\/div>\n","protected":false},"excerpt":{"rendered":"<p>Une balade avec un \u00e2ne, un cadeau insolite et 100 % nature ! Offrir un bon cadeau Docil&rsquo;\u00e2ne , c&rsquo;est : &#8211; une randonn\u00e9e d&rsquo;1\/2 journ\u00e9e, 1 journ\u00e9e ou plus en compagnie d&rsquo;un \u00e2ne, &#8211; une prestation d&rsquo;h\u00e9bergement et\/ou de restauration Nous sommes \u00e0 votre \u00e9coute et pouvons adapter les formules \u00e0 vos besoins. Pour &hellip; <\/p>\n<p class=\"link-more\"><a href=\"https:\/\/lahaltebleue-docilane.fr\/?page_id=181\" class=\"more-link\">Lire la suite de<span class=\"screen-reader-text\">\u00ab\u00a0Cette ann\u00e9e, offrez un bon cadeau \u00e0 vos proches\u00a0\u00bb<\/span><\/a><\/p>\n","protected":false},"author":1,"featured_media":26,"parent":13,"menu_order":0,"comment_status":"closed","ping_status":"closed","template":"","meta":{"footnotes":""},"class_list":["post-181","page","type-page","status-publish","has-post-thumbnail","hentry"],"yoast_head":"<!-- This site is optimized with the Yoast SEO plugin v24.9 - https:\/\/yoast.com\/wordpress\/plugins\/seo\/ -->\n<title>Cette ann\u00e9e, offrez un bon cadeau \u00e0 vos proches - La Halte Bleue Docil&#039;ane<\/title>\n<meta name=\"robots\" content=\"index, follow, max-snippet:-1, max-image-preview:large, max-video-preview:-1\" \/>\n<link rel=\"canonical\" href=\"https:\/\/lahaltebleue-docilane.fr\/?page_id=181\" \/>\n<meta property=\"og:locale\" content=\"fr_FR\" \/>\n<meta property=\"og:type\" content=\"article\" \/>\n<meta property=\"og:title\" content=\"Cette ann\u00e9e, offrez un bon cadeau \u00e0 vos proches - La Halte Bleue Docil&#039;ane\" \/>\n<meta property=\"og:description\" content=\"Une balade avec un \u00e2ne, un cadeau insolite et 100 % nature ! Offrir un bon cadeau Docil&rsquo;\u00e2ne , c&rsquo;est : &#8211; une randonn\u00e9e d&rsquo;1\/2 journ\u00e9e, 1 journ\u00e9e ou plus en compagnie d&rsquo;un \u00e2ne, &#8211; une prestation d&rsquo;h\u00e9bergement et\/ou de restauration Nous sommes \u00e0 votre \u00e9coute et pouvons adapter les formules \u00e0 vos besoins. Pour &hellip; Lire la suite de\u00ab\u00a0Cette ann\u00e9e, offrez un bon cadeau \u00e0 vos proches\u00a0\u00bb\" \/>\n<meta property=\"og:url\" content=\"https:\/\/lahaltebleue-docilane.fr\/?page_id=181\" \/>\n<meta property=\"og:site_name\" content=\"La Halte Bleue Docil&#039;ane\" \/>\n<meta property=\"article:publisher\" content=\"https:\/\/www.facebook.com\/profile.php?id=61574351812645\" \/>\n<meta property=\"article:modified_time\" content=\"2025-05-24T15:21:51+00:00\" \/>\n<meta property=\"og:image\" content=\"https:\/\/lahaltebleue-docilane.fr\/wp-content\/uploads\/2023\/06\/Banniere-La-Halte-Bleue-site.jpg\" \/>\n\t<meta property=\"og:image:width\" content=\"1366\" \/>\n\t<meta property=\"og:image:height\" content=\"768\" \/>\n\t<meta property=\"og:image:type\" content=\"image\/jpeg\" \/>\n<meta name=\"twitter:card\" content=\"summary_large_image\" \/>\n<meta name=\"twitter:label1\" content=\"Dur\u00e9e de lecture estim\u00e9e\" \/>\n\t<meta name=\"twitter:data1\" content=\"1 minute\" \/>\n<script type=\"application\/ld+json\" class=\"yoast-schema-graph\">{\"@context\":\"https:\/\/schema.org\",\"@graph\":[{\"@type\":\"WebPage\",\"@id\":\"https:\/\/lahaltebleue-docilane.fr\/?page_id=181\",\"url\":\"https:\/\/lahaltebleue-docilane.fr\/?page_id=181\",\"name\":\"Cette ann\u00e9e, offrez un bon cadeau \u00e0 vos proches - La Halte Bleue Docil&#039;ane\",\"isPartOf\":{\"@id\":\"https:\/\/lahaltebleue-docilane.fr\/#website\"},\"primaryImageOfPage\":{\"@id\":\"https:\/\/lahaltebleue-docilane.fr\/?page_id=181#primaryimage\"},\"image\":{\"@id\":\"https:\/\/lahaltebleue-docilane.fr\/?page_id=181#primaryimage\"},\"thumbnailUrl\":\"https:\/\/lahaltebleue-docilane.fr\/wp-content\/uploads\/2023\/06\/Banniere-La-Halte-Bleue-site.jpg\",\"datePublished\":\"2023-11-18T09:46:37+00:00\",\"dateModified\":\"2025-05-24T15:21:51+00:00\",\"breadcrumb\":{\"@id\":\"https:\/\/lahaltebleue-docilane.fr\/?page_id=181#breadcrumb\"},\"inLanguage\":\"fr-FR\",\"potentialAction\":[{\"@type\":\"ReadAction\",\"target\":[\"https:\/\/lahaltebleue-docilane.fr\/?page_id=181\"]}]},{\"@type\":\"ImageObject\",\"inLanguage\":\"fr-FR\",\"@id\":\"https:\/\/lahaltebleue-docilane.fr\/?page_id=181#primaryimage\",\"url\":\"https:\/\/lahaltebleue-docilane.fr\/wp-content\/uploads\/2023\/06\/Banniere-La-Halte-Bleue-site.jpg\",\"contentUrl\":\"https:\/\/lahaltebleue-docilane.fr\/wp-content\/uploads\/2023\/06\/Banniere-La-Halte-Bleue-site.jpg\",\"width\":1366,\"height\":768,\"caption\":\"G\u00eete d'\u00e9tape dans la Lire et randonn\u00e9es p\u00e9destres avec \u00e2nes\"},{\"@type\":\"BreadcrumbList\",\"@id\":\"https:\/\/lahaltebleue-docilane.fr\/?page_id=181#breadcrumb\",\"itemListElement\":[{\"@type\":\"ListItem\",\"position\":1,\"name\":\"Accueil\",\"item\":\"https:\/\/lahaltebleue-docilane.fr\/\"},{\"@type\":\"ListItem\",\"position\":2,\"name\":\"G\u00eete d&rsquo;\u00e9tape &#8211; accueil v\u00e9lo &#8211; randonneurs &#8211; cavaliers &#8211; randos \u00e2nes\",\"item\":\"https:\/\/lahaltebleue-docilane.fr\/\"},{\"@type\":\"ListItem\",\"position\":3,\"name\":\"Cette ann\u00e9e, offrez un bon cadeau \u00e0 vos proches\"}]},{\"@type\":\"WebSite\",\"@id\":\"https:\/\/lahaltebleue-docilane.fr\/#website\",\"url\":\"https:\/\/lahaltebleue-docilane.fr\/\",\"name\":\"La Halte Bleue Docil&#039;ane\",\"description\":\"\",\"publisher\":{\"@id\":\"https:\/\/lahaltebleue-docilane.fr\/#organization\"},\"potentialAction\":[{\"@type\":\"SearchAction\",\"target\":{\"@type\":\"EntryPoint\",\"urlTemplate\":\"https:\/\/lahaltebleue-docilane.fr\/?s={search_term_string}\"},\"query-input\":{\"@type\":\"PropertyValueSpecification\",\"valueRequired\":true,\"valueName\":\"search_term_string\"}}],\"inLanguage\":\"fr-FR\"},{\"@type\":\"Organization\",\"@id\":\"https:\/\/lahaltebleue-docilane.fr\/#organization\",\"name\":\"La Halte Bleue Docil'\u00e2nes\",\"url\":\"https:\/\/lahaltebleue-docilane.fr\/\",\"logo\":{\"@type\":\"ImageObject\",\"inLanguage\":\"fr-FR\",\"@id\":\"https:\/\/lahaltebleue-docilane.fr\/#\/schema\/logo\/image\/\",\"url\":\"https:\/\/lahaltebleue-docilane.fr\/wp-content\/uploads\/2023\/06\/cropped-images-removebg-preview.png\",\"contentUrl\":\"https:\/\/lahaltebleue-docilane.fr\/wp-content\/uploads\/2023\/06\/cropped-images-removebg-preview.png\",\"width\":174,\"height\":168,\"caption\":\"La Halte Bleue Docil'\u00e2nes\"},\"image\":{\"@id\":\"https:\/\/lahaltebleue-docilane.fr\/#\/schema\/logo\/image\/\"},\"sameAs\":[\"https:\/\/www.facebook.com\/profile.php?id=61574351812645\"]}]}<\/script>\n<!-- \/ Yoast SEO plugin. -->","yoast_head_json":{"title":"Cette ann\u00e9e, offrez un bon cadeau \u00e0 vos proches - La Halte Bleue Docil&#039;ane","robots":{"index":"index","follow":"follow","max-snippet":"max-snippet:-1","max-image-preview":"max-image-preview:large","max-video-preview":"max-video-preview:-1"},"canonical":"https:\/\/lahaltebleue-docilane.fr\/?page_id=181","og_locale":"fr_FR","og_type":"article","og_title":"Cette ann\u00e9e, offrez un bon cadeau \u00e0 vos proches - La Halte Bleue Docil&#039;ane","og_description":"Une balade avec un \u00e2ne, un cadeau insolite et 100 % nature ! Offrir un bon cadeau Docil&rsquo;\u00e2ne , c&rsquo;est : &#8211; une randonn\u00e9e d&rsquo;1\/2 journ\u00e9e, 1 journ\u00e9e ou plus en compagnie d&rsquo;un \u00e2ne, &#8211; une prestation d&rsquo;h\u00e9bergement et\/ou de restauration Nous sommes \u00e0 votre \u00e9coute et pouvons adapter les formules \u00e0 vos besoins. Pour &hellip; Lire la suite de\u00ab\u00a0Cette ann\u00e9e, offrez un bon cadeau \u00e0 vos proches\u00a0\u00bb","og_url":"https:\/\/lahaltebleue-docilane.fr\/?page_id=181","og_site_name":"La Halte Bleue Docil&#039;ane","article_publisher":"https:\/\/www.facebook.com\/profile.php?id=61574351812645","article_modified_time":"2025-05-24T15:21:51+00:00","og_image":[{"width":1366,"height":768,"url":"https:\/\/lahaltebleue-docilane.fr\/wp-content\/uploads\/2023\/06\/Banniere-La-Halte-Bleue-site.jpg","type":"image\/jpeg"}],"twitter_card":"summary_large_image","twitter_misc":{"Dur\u00e9e de lecture estim\u00e9e":"1 minute"},"schema":{"@context":"https:\/\/schema.org","@graph":[{"@type":"WebPage","@id":"https:\/\/lahaltebleue-docilane.fr\/?page_id=181","url":"https:\/\/lahaltebleue-docilane.fr\/?page_id=181","name":"Cette ann\u00e9e, offrez un bon cadeau \u00e0 vos proches - La Halte Bleue Docil&#039;ane","isPartOf":{"@id":"https:\/\/lahaltebleue-docilane.fr\/#website"},"primaryImageOfPage":{"@id":"https:\/\/lahaltebleue-docilane.fr\/?page_id=181#primaryimage"},"image":{"@id":"https:\/\/lahaltebleue-docilane.fr\/?page_id=181#primaryimage"},"thumbnailUrl":"https:\/\/lahaltebleue-docilane.fr\/wp-content\/uploads\/2023\/06\/Banniere-La-Halte-Bleue-site.jpg","datePublished":"2023-11-18T09:46:37+00:00","dateModified":"2025-05-24T15:21:51+00:00","breadcrumb":{"@id":"https:\/\/lahaltebleue-docilane.fr\/?page_id=181#breadcrumb"},"inLanguage":"fr-FR","potentialAction":[{"@type":"ReadAction","target":["https:\/\/lahaltebleue-docilane.fr\/?page_id=181"]}]},{"@type":"ImageObject","inLanguage":"fr-FR","@id":"https:\/\/lahaltebleue-docilane.fr\/?page_id=181#primaryimage","url":"https:\/\/lahaltebleue-docilane.fr\/wp-content\/uploads\/2023\/06\/Banniere-La-Halte-Bleue-site.jpg","contentUrl":"https:\/\/lahaltebleue-docilane.fr\/wp-content\/uploads\/2023\/06\/Banniere-La-Halte-Bleue-site.jpg","width":1366,"height":768,"caption":"G\u00eete d'\u00e9tape dans la Lire et randonn\u00e9es p\u00e9destres avec \u00e2nes"},{"@type":"BreadcrumbList","@id":"https:\/\/lahaltebleue-docilane.fr\/?page_id=181#breadcrumb","itemListElement":[{"@type":"ListItem","position":1,"name":"Accueil","item":"https:\/\/lahaltebleue-docilane.fr\/"},{"@type":"ListItem","position":2,"name":"G\u00eete d&rsquo;\u00e9tape &#8211; accueil v\u00e9lo &#8211; randonneurs &#8211; cavaliers &#8211; randos \u00e2nes","item":"https:\/\/lahaltebleue-docilane.fr\/"},{"@type":"ListItem","position":3,"name":"Cette ann\u00e9e, offrez un bon cadeau \u00e0 vos proches"}]},{"@type":"WebSite","@id":"https:\/\/lahaltebleue-docilane.fr\/#website","url":"https:\/\/lahaltebleue-docilane.fr\/","name":"La Halte Bleue Docil&#039;ane","description":"","publisher":{"@id":"https:\/\/lahaltebleue-docilane.fr\/#organization"},"potentialAction":[{"@type":"SearchAction","target":{"@type":"EntryPoint","urlTemplate":"https:\/\/lahaltebleue-docilane.fr\/?s={search_term_string}"},"query-input":{"@type":"PropertyValueSpecification","valueRequired":true,"valueName":"search_term_string"}}],"inLanguage":"fr-FR"},{"@type":"Organization","@id":"https:\/\/lahaltebleue-docilane.fr\/#organization","name":"La Halte Bleue Docil'\u00e2nes","url":"https:\/\/lahaltebleue-docilane.fr\/","logo":{"@type":"ImageObject","inLanguage":"fr-FR","@id":"https:\/\/lahaltebleue-docilane.fr\/#\/schema\/logo\/image\/","url":"https:\/\/lahaltebleue-docilane.fr\/wp-content\/uploads\/2023\/06\/cropped-images-removebg-preview.png","contentUrl":"https:\/\/lahaltebleue-docilane.fr\/wp-content\/uploads\/2023\/06\/cropped-images-removebg-preview.png","width":174,"height":168,"caption":"La Halte Bleue Docil'\u00e2nes"},"image":{"@id":"https:\/\/lahaltebleue-docilane.fr\/#\/schema\/logo\/image\/"},"sameAs":["https:\/\/www.facebook.com\/profile.php?id=61574351812645"]}]}},"_links":{"self":[{"href":"https:\/\/lahaltebleue-docilane.fr\/index.php?rest_route=\/wp\/v2\/pages\/181","targetHints":{"allow":["GET"]}}],"collection":[{"href":"https:\/\/lahaltebleue-docilane.fr\/index.php?rest_route=\/wp\/v2\/pages"}],"about":[{"href":"https:\/\/lahaltebleue-docilane.fr\/index.php?rest_route=\/wp\/v2\/types\/page"}],"author":[{"embeddable":true,"href":"https:\/\/lahaltebleue-docilane.fr\/index.php?rest_route=\/wp\/v2\/users\/1"}],"replies":[{"embeddable":true,"href":"https:\/\/lahaltebleue-docilane.fr\/index.php?rest_route=%2Fwp%2Fv2%2Fcomments&post=181"}],"version-history":[{"count":11,"href":"https:\/\/lahaltebleue-docilane.fr\/index.php?rest_route=\/wp\/v2\/pages\/181\/revisions"}],"predecessor-version":[{"id":414,"href":"https:\/\/lahaltebleue-docilane.fr\/index.php?rest_route=\/wp\/v2\/pages\/181\/revisions\/414"}],"up":[{"embeddable":true,"href":"https:\/\/lahaltebleue-docilane.fr\/index.php?rest_route=\/wp\/v2\/pages\/13"}],"wp:featuredmedia":[{"embeddable":true,"href":"https:\/\/lahaltebleue-docilane.fr\/index.php?rest_route=\/wp\/v2\/media\/26"}],"wp:attachment":[{"href":"https:\/\/lahaltebleue-docilane.fr\/index.php?rest_route=%2Fwp%2Fv2%2Fmedia&parent=181"}],"curies":[{"name":"wp","href":"https:\/\/api.w.org\/{rel}","templated":true}]}}